{"id":667,"date":"2021-09-01T17:29:31","date_gmt":"2021-09-01T17:29:31","guid":{"rendered":"https:\/\/kafepanorama.com\/?page_id=667"},"modified":"2021-09-01T17:29:31","modified_gmt":"2021-09-01T17:29:31","slug":"slika-3","status":"publish","type":"page","link":"https:\/\/kafepanorama.com\/?page_id=667","title":{"rendered":"Slika 3"},"content":{"rendered":"\n<div class=\"wp-block-image\"><figure class=\"aligncenter size-large is-resized\"><img decoding=\"async\" loading=\"lazy\" src=\"https:\/\/kafepanorama.com\/wp-content\/uploads\/2021\/09\/5ulje-na-platnu-50x60cm-1024x847.jpg\" alt=\"\" class=\"wp-image-651\" width=\"518\" height=\"428\" srcset=\"https:\/\/kafepanorama.com\/wp-content\/uploads\/2021\/09\/5ulje-na-platnu-50x60cm-1024x847.jpg 1024w, https:\/\/kafepanorama.com\/wp-content\/uploads\/2021\/09\/5ulje-na-platnu-50x60cm-300x248.jpg 300w, https:\/\/kafepanorama.com\/wp-content\/uploads\/2021\/09\/5ulje-na-platnu-50x60cm-768x635.jpg 768w, https:\/\/kafepanorama.com\/wp-content\/uploads\/2021\/09\/5ulje-na-platnu-50x60cm.jpg 1200w\" sizes=\"(max-width: 518px) 100vw, 518px\" \/><\/figure><\/div>\n\n\n\n<p>autor: <a href=\"https:\/\/kafepanorama.com\/?page_id=625\"><strong>Barbara \u0110oki\u0107<\/strong><\/a><\/p>\n\n\n\n<p>dimenzija: 50\u00d760<\/p>\n\n\n\n<p>cena: 200 \u20ac<\/p>\n","protected":false},"excerpt":{"rendered":"<p>autor: Barbara \u0110oki\u0107 dimenzija: 50\u00d760 cena: 200 \u20ac<\/p>\n","protected":false},"author":1,"featured_media":0,"parent":0,"menu_order":0,"comment_status":"closed","ping_status":"closed","template":"","meta":[],"_links":{"self":[{"href":"https:\/\/kafepanorama.com\/index.php?rest_route=\/wp\/v2\/pages\/667"}],"collection":[{"href":"https:\/\/kafepanorama.com\/index.php?rest_route=\/wp\/v2\/pages"}],"about":[{"href":"https:\/\/kafepanorama.com\/index.php?rest_route=\/wp\/v2\/types\/page"}],"author":[{"embeddable":true,"href":"https:\/\/kafepanorama.com\/index.php?rest_route=\/wp\/v2\/users\/1"}],"replies":[{"embeddable":true,"href":"https:\/\/kafepanorama.com\/index.php?rest_route=%2Fwp%2Fv2%2Fcomments&post=667"}],"version-history":[{"count":1,"href":"https:\/\/kafepanorama.com\/index.php?rest_route=\/wp\/v2\/pages\/667\/revisions"}],"predecessor-version":[{"id":668,"href":"https:\/\/kafepanorama.com\/index.php?rest_route=\/wp\/v2\/pages\/667\/revisions\/668"}],"wp:attachment":[{"href":"https:\/\/kafepanorama.com\/index.php?rest_route=%2Fwp%2Fv2%2Fmedia&parent=667"}],"curies":[{"name":"wp","href":"https:\/\/api.w.org\/{rel}","templated":true}]}}