{"id":59,"date":"2020-03-16T23:01:45","date_gmt":"2020-03-16T23:01:45","guid":{"rendered":"https:\/\/kafepanorama.com\/?page_id=59"},"modified":"2022-12-13T14:53:05","modified_gmt":"2022-12-13T14:53:05","slug":"dostava","status":"publish","type":"page","link":"https:\/\/kafepanorama.com\/?page_id=59","title":{"rendered":"Dostava"},"content":{"rendered":"\n<p class=\"has-text-align-center\">Za na\u0161e drage kom\u0161ije i goste <strong>Kafe Panorama 360<\/strong> nudimo i mogu\u0107nost dostave hrane na ku\u0107nu adresu za iznos ra\u010duna preko 1.000 dinara<\/p>\n\n\n\n<p class=\"has-text-align-center\"><strong>Telefon za porud\u017ebine (<a href=\"https:\/\/kafepanorama.com\/?p=728\" data-type=\"URL\" data-id=\"https:\/\/kafepanorama.com\/?p=728\">samo za Sunnyville naselje<\/a>): 011\/770 96 09<\/strong><\/p>\n\n\n\n<p class=\"has-text-align-center\">Hranu mo\u017eete poru\u010diti i putem Glovo, Mr.D i Wolt  aplikacije*:<\/p>\n\n\n<div class=\"wp-block-image\">\n<figure class=\"aligncenter size-large is-resized\"><a href=\"https:\/\/glovoapp.com\/sr\/beg\/store\/kafe-panorama-360-beg\/\"><img decoding=\"async\" loading=\"lazy\" src=\"https:\/\/kafepanorama.com\/wp-content\/uploads\/2020\/12\/glovo.jpg\" alt=\"\" class=\"wp-image-558\" width=\"220\" height=\"95\" srcset=\"https:\/\/kafepanorama.com\/wp-content\/uploads\/2020\/12\/glovo.jpg 600w, https:\/\/kafepanorama.com\/wp-content\/uploads\/2020\/12\/glovo-300x130.jpg 300w\" sizes=\"(max-width: 220px) 100vw, 220px\" \/><\/a><\/figure><\/div>\n\n<div class=\"wp-block-image\">\n<figure class=\"aligncenter size-full is-resized\"><a href=\"https:\/\/misterd.rs\/place\/menu?placeId=4313\" target=\"_blank\" rel=\"noopener\"><img decoding=\"async\" loading=\"lazy\" src=\"https:\/\/kafepanorama.com\/wp-content\/uploads\/2022\/02\/mister-d.png\" alt=\"\" class=\"wp-image-696\" width=\"146\" height=\"146\" srcset=\"https:\/\/kafepanorama.com\/wp-content\/uploads\/2022\/02\/mister-d.png 640w, https:\/\/kafepanorama.com\/wp-content\/uploads\/2022\/02\/mister-d-300x300.png 300w, https:\/\/kafepanorama.com\/wp-content\/uploads\/2022\/02\/mister-d-150x150.png 150w, https:\/\/kafepanorama.com\/wp-content\/uploads\/2022\/02\/mister-d-600x600.png 600w\" sizes=\"(max-width: 146px) 100vw, 146px\" \/><\/a><\/figure><\/div>\n\n<div class=\"wp-block-image\">\n<figure class=\"aligncenter size-full is-resized\"><a href=\"https:\/\/wolt.com\/sr\/srb\/belgrade\/restaurant\/kafe-panorama-360\"><img decoding=\"async\" loading=\"lazy\" src=\"https:\/\/kafepanorama.com\/wp-content\/uploads\/2022\/07\/unnamed.png\" alt=\"\" class=\"wp-image-719\" width=\"144\" height=\"144\" srcset=\"https:\/\/kafepanorama.com\/wp-content\/uploads\/2022\/07\/unnamed.png 512w, https:\/\/kafepanorama.com\/wp-content\/uploads\/2022\/07\/unnamed-300x300.png 300w, https:\/\/kafepanorama.com\/wp-content\/uploads\/2022\/07\/unnamed-150x150.png 150w\" sizes=\"(max-width: 144px) 100vw, 144px\" \/><\/a><\/figure><\/div>\n\n\n<p><\/p>\n\n\n\n<p class=\"has-text-align-center\"><span style=\"text-decoration: underline;\"> *Cena hrane putem dostave preko Glovo, Mr.D i Wolt platforme se razlikuje od cene konzumiranja hrane i pi\u0107a u restoranu!<\/span><\/p>\n","protected":false},"excerpt":{"rendered":"<p>Za na\u0161e drage kom\u0161ije i goste Kafe Panorama 360 nudimo i mogu\u0107nost dostave hrane na ku\u0107nu adresu za iznos ra\u010duna preko 1.000 dinara Telefon za&hellip;<\/p>\n","protected":false},"author":1,"featured_media":0,"parent":0,"menu_order":4,"comment_status":"closed","ping_status":"closed","template":"","meta":[],"_links":{"self":[{"href":"https:\/\/kafepanorama.com\/index.php?rest_route=\/wp\/v2\/pages\/59"}],"collection":[{"href":"https:\/\/kafepanorama.com\/index.php?rest_route=\/wp\/v2\/pages"}],"about":[{"href":"https:\/\/kafepanorama.com\/index.php?rest_route=\/wp\/v2\/types\/page"}],"author":[{"embeddable":true,"href":"https:\/\/kafepanorama.com\/index.php?rest_route=\/wp\/v2\/users\/1"}],"replies":[{"embeddable":true,"href":"https:\/\/kafepanorama.com\/index.php?rest_route=%2Fwp%2Fv2%2Fcomments&post=59"}],"version-history":[{"count":22,"href":"https:\/\/kafepanorama.com\/index.php?rest_route=\/wp\/v2\/pages\/59\/revisions"}],"predecessor-version":[{"id":780,"href":"https:\/\/kafepanorama.com\/index.php?rest_route=\/wp\/v2\/pages\/59\/revisions\/780"}],"wp:attachment":[{"href":"https:\/\/kafepanorama.com\/index.php?rest_route=%2Fwp%2Fv2%2Fmedia&parent=59"}],"curies":[{"name":"wp","href":"https:\/\/api.w.org\/{rel}","templated":true}]}}