{"id":53,"date":"2020-03-16T22:49:42","date_gmt":"2020-03-16T22:49:42","guid":{"rendered":"https:\/\/kafepanorama.com\/?page_id=53"},"modified":"2022-12-13T20:37:21","modified_gmt":"2022-12-13T20:37:21","slug":"cenovnik","status":"publish","type":"page","link":"https:\/\/kafepanorama.com\/?page_id=53","title":{"rendered":"Cenovnik"},"content":{"rendered":"\n<p class=\"has-text-align-center\"><strong>&#8211; KARTA PI\u0106A &#8211;<\/strong><\/p>\n\n\n\n<p class=\"has-text-align-center\">TOPLI I HLADNI NAPICI<\/p>\n\n\n\n<p class=\"has-text-align-center\">KAFE<\/p>\n\n\n\n<p>Espresso&nbsp; 145<\/p>\n\n\n\n<p>Dupli espresso&nbsp; 195<\/p>\n\n\n\n<p>Espresso sa mlekom&nbsp; 175<\/p>\n\n\n\n<p>Espresso sa \u0161lagom 185<\/p>\n\n\n\n<p>Americano&nbsp; 150<\/p>\n\n\n\n<p>Cappuccino&nbsp; 195<\/p>\n\n\n\n<p>Macchiato&nbsp; 195<\/p>\n\n\n\n<p>Cafe Latte&nbsp; 215<\/p>\n\n\n\n<p>Latte Macchiato Caramello&nbsp; 215<\/p>\n\n\n\n<p>Latte Macchiato Cioccolato&nbsp; 215<\/p>\n\n\n\n<p>Latte Macchiato Vanilla&nbsp; 215<\/p>\n\n\n\n<p>Mocha&nbsp; 235<\/p>\n\n\n\n<p>Doma\u0107a kafa (sa kardamonom)&nbsp; 135<\/p>\n\n\n\n<p>Nes caf\u00e9&nbsp; 210<\/p>\n\n\n\n<p>Ice coffee&nbsp; 295<\/p>\n\n\n\n<p>Irish coffee&nbsp; 300<\/p>\n\n\n\n<p>Mleko dodatak&nbsp; 50<\/p>\n\n\n\n<p>Monin sirup dodatak  450<\/p>\n\n\n\n<p class=\"has-text-align-center\">\u010cAJEVI<\/p>\n\n\n\n<p>\u010caj (crni, zeleni, biljni, vo\u0107ni&#8230;)&nbsp; 180<\/p>\n\n\n\n<p>\u010cajnik&nbsp; 310<\/p>\n\n\n\n<p>\u010caj sa rumom&nbsp; 210<\/p>\n\n\n\n<p>\u010caj od \u0111umbira&nbsp; 210<\/p>\n\n\n\n<p class=\"has-text-align-center\">TOPLI NAPICI<\/p>\n\n\n\n<p>Topla \u010dokolada crna&nbsp; 240<\/p>\n\n\n\n<p>Topla \u010dokolada bela&nbsp; 240<\/p>\n\n\n\n<p>Kuvano vino&nbsp; 240<\/p>\n\n\n\n<p class=\"has-text-align-center\">HLADNI NAPICI \u2013 \u0160EJKOVI<\/p>\n\n\n\n<p>Milk \u0161ejk (jagoda, vanila, \u010dokolada, banana)&nbsp; 310<\/p>\n\n\n\n<p>Plazma \u0161ejk&nbsp; 310<\/p>\n\n\n\n<p>Snickers \u0161ejk&nbsp; 350<\/p>\n\n\n\n<p>Bounty \u0161ejk&nbsp; 350<\/p>\n\n\n\n<p>Oreo \u0161ejk&nbsp; 350<\/p>\n\n\n\n<p class=\"has-text-align-center\">PRIRODNI VO\u0106NI SOKOVI I SMOOTHIE<\/p>\n\n\n\n<p>Limunada&nbsp; 195<\/p>\n\n\n\n<p>Limunada (sa nanom, krastavcima ili \u0111umbirom)  250<\/p>\n\n\n\n<p>Ce\u0111ena pomorand\u017ea&nbsp; 285<\/p>\n\n\n\n<p>Citrus (pomorand\u017ea, grejp, limun)&nbsp; 345<\/p>\n\n\n\n<p>Detox (pomorand\u017ea, grejp, limun, \u0111umbir, \u0161argarepa)&nbsp; 395<\/p>\n\n\n\n<p>Imuno (pomorand\u017ea, \u0111umbir, \u0161argarepa, jabuka)&nbsp; 380<\/p>\n\n\n\n<p>Energy (ananas, banana, pomorand\u017ea, kivi)&nbsp; 395<\/p>\n\n\n\n<p>Berries (banana, jagoda, malina, kupina, jogurt)&nbsp; 340<\/p>\n\n\n\n<p>Med dodatak&nbsp; 50<\/p>\n\n\n\n<p class=\"has-text-align-center\">FLA\u0160IRANE VODE I SOKOVI<\/p>\n\n\n\n<p>Rosa (negazirana) 0.33l&nbsp; 140<\/p>\n\n\n\n<p>Rosa (negazirana) 0.75l&nbsp; 250<\/p>\n\n\n\n<p>Rosa (gazirana) 0.33l  150<\/p>\n\n\n\n<p>Rosa (gazirana) 0.75l  250<\/p>\n\n\n\n<p>Romerquelle (gazirana) 0.33l  170<\/p>\n\n\n\n<p>Romerquelle (gazirana) 0.7  280<\/p>\n\n\n\n<p>Romerquelle (limun trava) 0.33l  180<\/p>\n\n\n\n<p>Knjaz Milo\u0161 (gazirana) 0.25l&nbsp; 140<\/p>\n\n\n\n<p>Knjaz Milo\u0161 (gazirana) 0.7l&nbsp; 270<\/p>\n\n\n\n<p>NEXT (jabuka, pomorand\u017ea, breskva, jagoda, \u0161umsko vo\u0107e, vi\u0161nja) 0.2l&nbsp; 190<\/p>\n\n\n\n<p>Ledeni \u010daj Fuzetea 0.25l&nbsp; 210<\/p>\n\n\n\n<p>Cedevita (limun, naran\u010da, limeta, crvena naran\u010da, zova &amp; limun) 0.25l&nbsp; 170<\/p>\n\n\n\n<p>Coca Cola 0.25l&nbsp; 170<\/p>\n\n\n\n<p>Coca Cola zero 0.25l&nbsp; 175<\/p>\n\n\n\n<p>Cockta Original 0.275l 180<\/p>\n\n\n\n<p>Cockta Free 0.275l  180<\/p>\n\n\n\n<p>Cockta Blondie 0,27l  180<\/p>\n\n\n\n<p>Fanta Orange 0.25l&nbsp; 180<\/p>\n\n\n\n<p>Fanta Lemon 0.25l 180<\/p>\n\n\n\n<p>Sprite 0.25l&nbsp; 180<\/p>\n\n\n\n<p>Orangina (Original, Rouge) 0.25l  190<\/p>\n\n\n\n<p>Schweppes (Bitter Lemon, Tonic, Tangerine, Mojito, Pink Tonic) 0.25l&nbsp; 180<\/p>\n\n\n\n<p class=\"has-text-align-center\">ENERGETSKA PI\u0106A<\/p>\n\n\n\n<p>Ultra energy&nbsp; 225<\/p>\n\n\n\n<p>Red Bull&nbsp; 380<\/p>\n\n\n\n<p>Guarana  225<\/p>\n\n\n\n<p class=\"has-text-align-center\">VINA<\/p>\n\n\n\n<p class=\"has-text-align-center\">BELO<\/p>\n\n\n\n<p>Vino ku\u0107e Despotika<\/p>\n\n\n\n<p>&nbsp; &#8211; 0.75l&nbsp; 1100<\/p>\n\n\n\n<p>&nbsp; &#8211; 0.15l&nbsp; 260<\/p>\n\n\n\n<p>Vino Tikve\u0161 Alexandrija<\/p>\n\n\n\n<p>&nbsp; &#8211; 0.75l&nbsp; 1750<\/p>\n\n\n\n<p>\u0160pricer 0,3l&nbsp; 355<\/p>\n\n\n\n<p class=\"has-text-align-center\">CRVENO<\/p>\n\n\n\n<p>Vino ku\u0107e Despotika<\/p>\n\n\n\n<p>&nbsp; &#8211; 0.75l&nbsp; 1100<\/p>\n\n\n\n<p>&nbsp; &#8211; 0.15l&nbsp; 260<\/p>\n\n\n\n<p>Vino Tikve\u0161 Alexandrija<\/p>\n\n\n\n<p>&nbsp; &#8211; 0.75l&nbsp; 1750<\/p>\n\n\n\n<p class=\"has-text-align-center\">ROZE<\/p>\n\n\n\n<p>Vino ku\u0107e Despotika<\/p>\n\n\n\n<p>&nbsp; &#8211; 0.75l&nbsp; 1100<\/p>\n\n\n\n<p>&nbsp; &#8211; 0.15l&nbsp; 260<\/p>\n\n\n\n<p>Vino Tikve\u0161 Alexandrija<\/p>\n\n\n\n<p>&nbsp; &#8211; 0.75l&nbsp; 1750<\/p>\n\n\n\n<p class=\"has-text-align-center\">\u0160AMPANJAC<\/p>\n\n\n\n<p>Vino penu\u0161avo Proseco 0.7l&nbsp; 2200<\/p>\n\n\n\n<p class=\"has-text-align-center\">PIVA<\/p>\n\n\n\n<p>To\u010deno Nik\u0161i\u0107ko<\/p>\n\n\n\n<p>  &#8211; 0.33l  205<\/p>\n\n\n\n<p>&nbsp; &#8211; 0.5l&nbsp; 235<\/p>\n\n\n\n<p>To\u010deno Bavaria<\/p>\n\n\n\n<p>  &#8211; 0.25l  190<\/p>\n\n\n\n<p>  &#8211; 0.33l  250<\/p>\n\n\n\n<p>  &#8211; 0.5l  250<\/p>\n\n\n\n<p>Bavaria 0.25l  250<\/p>\n\n\n\n<p>Staropramen 0.33l&nbsp; 270<\/p>\n\n\n\n<p>Nik\u0161i\u0107ko Tamno 0.33l&nbsp; 240<\/p>\n\n\n\n<p>Leffe Blonde 0.33l&nbsp; 320<\/p>\n\n\n\n<p>Leffe Brune 0.33l&nbsp; 320<\/p>\n\n\n\n<p>Stela Artois 0.33l&nbsp; 330<\/p>\n\n\n\n<p>Corona 0.35l&nbsp; 360<\/p>\n\n\n\n<p>Hoegaarden 0.33l&nbsp; 320<\/p>\n\n\n\n<p>Salto Pale Ale 0.33l&nbsp; 320<\/p>\n\n\n\n<p>Salto Wit 0.33l  320<\/p>\n\n\n\n<p>Salto Stout 0.33l  320<\/p>\n\n\n\n<p>Somersby Apple 0.33l  260<\/p>\n\n\n\n<p>Somersby Pear 0.33l  260<\/p>\n\n\n\n<p>Somersby Blueberry 0.33l  260<\/p>\n\n\n\n<p>Somersby Mango &amp; Lime 0.33l  260<\/p>\n\n\n\n<p>Somersbz Strawberry Lime 0.0% ALC 0.33l  260<\/p>\n\n\n\n<p>Kvaster Apa 0.33l  155<\/p>\n\n\n\n<p>Wai Moment (Minty Lime Time, Tropical Crew i Crazy Berries) 0.33l  310<\/p>\n\n\n\n<p class=\"has-text-align-center\">\u017dESTOKA ALKOHOLNA PI\u0106A I APERITIVI<\/p>\n\n\n\n<p>Rakija ku\u0107e 0.03l (kajsija, dunja, viljamovka, \u0161ljiva, medova\u010da)&nbsp; 220<\/p>\n\n\n\n<p>Kuvana rakija 0.1l 230<\/p>\n\n\n\n<p>Rakija manastira Kovilj 0.03l (viljamovka, orahova\u010da, kajsijeva\u010da)&nbsp; 240<\/p>\n\n\n\n<p>Gorki list 0.05l&nbsp; 250<\/p>\n\n\n\n<p>Jeggermaister 0.05l&nbsp; 280<\/p>\n\n\n\n<p>Vinjak 0.03l&nbsp; 280<\/p>\n\n\n\n<p>Vinjak 5 0.03l  280<\/p>\n\n\n\n<p>Vodka 0.03l&nbsp; 270<\/p>\n\n\n\n<p>Tekila 0.03l&nbsp; 280<\/p>\n\n\n\n<p>Gin 0.03l&nbsp; 230<\/p>\n\n\n\n<p>Martini 0.05l&nbsp; 290<\/p>\n\n\n\n<p>Campari 0.05l&nbsp; 335<\/p>\n\n\n\n<p>Ballantines 0.03l&nbsp; 280<\/p>\n\n\n\n<p>Jack Daniels 0.03l&nbsp; 340<\/p>\n\n\n\n<p>Chivas Regal 0.03l&nbsp; 420<\/p>\n\n\n\n<p>Bourbon Four Roses 0.03l  330<\/p>\n\n\n\n<p class=\"has-text-align-center\">KOKTELI<\/p>\n\n\n\n<p>Mojito (beli rum, limeta, kisela voda, sve\u017ea nana)&nbsp; 430<\/p>\n\n\n\n<p>Tequila Sunrise (tekila, \u0111us, granadine)&nbsp; 430<\/p>\n\n\n\n<p>Cosmopolitan (vodka, triplesec, borovnica, limun)&nbsp; 450<\/p>\n\n\n\n<p>Sex on the Beach (vodka, archer\u2019s, \u0111us, borovnica)&nbsp; 430<\/p>\n\n\n\n<p>Pina Colada (beli rum, kokos liker, ananas, slatka pavlaka)&nbsp; 450<\/p>\n\n\n\n<p>Cuba Libre (beli rum, limun, Coca-Cola)&nbsp; 410<\/p>\n\n\n\n<p>Gin and Tonic (gin, tonic)&nbsp; 360<\/p>\n\n\n\n<p>Blue Lagoon (vodka, bluecuracao, limun, sprite)&nbsp; 430<\/p>\n\n\n\n<p>Aperol Spritz (aperol, \u0161ampanjac, kisela voda)&nbsp; 390<\/p>\n\n\n\n<p>Vanilla Martini (martini, vanilla liker)&nbsp; 430<\/p>\n\n\n\n<p>Vodka Martini dry (vodka, martini, limunov sok, maslina)&nbsp; 440<\/p>\n\n\n\n<p>Martini 50\/50 (martini, gin, maslina)&nbsp; 440<\/p>\n\n\n\n<p>Negroni Martini (martini rosso, gin, campari)&nbsp; 440<\/p>\n\n\n\n<p>Garibaldi (\u0111us, campari)&nbsp; 430<\/p>\n\n\n\n<p>Cinzano Mimosi (ce\u0111ena pomorand\u017ea, cinzano)  360<\/p>\n\n\n\n<p class=\"has-text-align-center\"><strong>&#8211; HRANA &#8211;<\/strong><\/p>\n\n\n\n<p class=\"has-text-align-center\">PIZZA 32 cm<\/p>\n\n\n\n<p>Margherita* (pelat, sir, masline, origano)&nbsp; 580<\/p>\n\n\n\n<p>Pesto (pelat, sir, pesto sos, masline)&nbsp; 650<\/p>\n\n\n\n<p>Vesuvio (pelat, sir, \u0161unka, masline, origano)&nbsp; 650<\/p>\n\n\n\n<p>Funghi* (pelat, sir, pe\u010durke, masline, origano)&nbsp; 660<\/p>\n\n\n\n<p>Capricciosa (pelat, sir, \u0161unka, pe\u010durke, masline, origano)&nbsp; 690<\/p>\n\n\n\n<p>Vegetariana* (pelat, sir, povr\u0107e, masline, origano)&nbsp; 660<\/p>\n\n\n\n<p>Napolitana (pelat, sir, \u0161unka, slanina, kulen, masline, origano)&nbsp; 720<\/p>\n\n\n\n<p>Quattro stagioni (pelat, sir, \u0161unka, kulen, jaje, masline, origano)&nbsp; 790<\/p>\n\n\n\n<p>Panorama Za,atar* (pelat, sir, rukola, masline, za,atar)&nbsp; 520<\/p>\n\n\n\n<p>Panorama Carna di polo (pelat, dimljena piletina, povr\u0107e, sir, masline, origano)&nbsp; 750<\/p>\n\n\n\n<p>Hawaii (pelat, sir, \u0161unka, ananas, origano)&nbsp; 660<\/p>\n\n\n\n<p>Fruti di mare* (pelat, sir, morski plodovi, masline, origano)&nbsp; 780<\/p>\n\n\n\n<p>Quatro formaggi (pelat, \u010detiri vrste sira, masline, origano)&nbsp; 790<\/p>\n\n\n\n<p>Peperoni (pelat, tabasco sos, sir, kulen, ljuta paprika, pe\u010durke, origano)&nbsp; 780<\/p>\n\n\n\n<p>Prosciutto (pelat, sir, pr\u0161ut, paradajz, rukola, masline, origano)&nbsp; 930<\/p>\n\n\n\n<p>* Navedene pice mogu biti i u posnoj verziji<\/p>\n\n\n\n<p class=\"has-text-align-center\">TOST SENDVI\u010cI<\/p>\n\n\n\n<p>\u0160unka (pavlaka, \u0161unka, kiseli krastavci, kuvano jaje)&nbsp; 260<\/p>\n\n\n\n<p>Piletina (pavlaka, pile\u0107a prsa, ka\u010dkavalj, salata, paradajz)&nbsp; 290<\/p>\n\n\n\n<p>Tuna* (tunjevina, ka\u010dkavalj, salata, paradajz, masline)&nbsp; 340<\/p>\n\n\n\n<p>Kulen (ajvar, kulen, ka\u010dkavalj, salata, kiseli krastavci)&nbsp; 310<\/p>\n\n\n\n<p>Rustico (pavlaka, ka\u010dkavalj, majonez, pr\u0161ut, rukola, paradajz)&nbsp; 430<\/p>\n\n\n\n<p>Panorama (feta sir, kulen, \u0161unka, salata, paradajz, masline)&nbsp; 410<\/p>\n\n\n\n<p>* Navedeni sendvi\u010di mogu biti i u posnoj verziji<\/p>\n\n\n\n<p class=\"has-text-align-center\">OBROK SALATE<\/p>\n\n\n\n<p>Gr\u010dka (paradajz, krastavac, masline, feta sir, maslinovo ulje, ruzmarin, origano)&nbsp; 450<\/p>\n\n\n\n<p>Pile\u0107a (dimljena piletina, mix zelenih salata, paprika, paradajz, balsamico dressing, senf dressing, parmezan) &nbsp;530<\/p>\n\n\n\n<p>Tuna (tuna, mix zelenih salata, paradajz, masline, kukuruz, crveni luk, balsamico dressing)&nbsp; 530<\/p>\n\n\n\n<p>Vitaminska (mix selenih salata, paradajz, krastavac, masline, \u0161argarepa, balsmico dressing)&nbsp; 410<\/p>\n\n\n\n<p class=\"has-text-align-center\">PASTE<\/p>\n\n\n\n<p>Pasta Bolognese (june\u0107i but, povr\u0107e, pelat, za\u010dini, maslinovo ulje, bosiljak, crno vino, pasta, parmezan)&nbsp; 680<\/p>\n\n\n\n<p>Pasta Carbonara (dimljena piletina, povr\u0107e, beli sos, za\u010dini, maslinovo ulje, bosiljak, pasta, parmezan)&nbsp; 680<\/p>\n\n\n\n<p>Pasta sa dimljenim lososom* (dimljeni losos, povr\u0107e, beli sos, za\u010dini, maslinovo ulje, bosiljak, pasta, parmezan)&nbsp; 680<\/p>\n\n\n\n<p>Pasta Quattro Formaggi (\u010detiri vrste sira, beli sos, za\u010dini, maslinovo ulje, bosiljak, pasta, parmezan)&nbsp; 690<\/p>\n\n\n\n<p>Pasta sa morskim plodovima* (morski plodovi, povr\u0107e, beli sos, za\u010dini, maslinovo ulje, bosiljak, pasta, parmezan)&nbsp; 670<\/p>\n\n\n\n<p>*Navedene paste mogu biti i u posnoj verziji<\/p>\n\n\n\n<p class=\"has-text-align-center\">DORU\u010cAK<\/p>\n\n\n\n<p>Panorama doru\u010dak (omlet, vir\u0161le, feta sir, paradajz, tost hleb)  450<\/p>\n\n\n\n<p class=\"has-text-align-center\">DESERTI<\/p>\n\n\n\n<p class=\"has-text-align-center\">PALA\u010cINKE<\/p>\n\n\n\n<p class=\"has-text-align-center\">(porcija 2 komada)<\/p>\n\n\n\n<p>Eurokrem*&nbsp; 245<\/p>\n\n\n\n<p>Nutella&nbsp; 260<\/p>\n\n\n\n<p>Eurokrem plazma*&nbsp; 285<\/p>\n\n\n\n<p>Eurokrem, plazma, banana (ili vi\u0161nje)*  310<\/p>\n\n\n\n<p>Nutela plazma&nbsp; 330<\/p>\n\n\n\n<p>Bounti (beli krem, kokos)&nbsp; 330<\/p>\n\n\n\n<p>Med i orasi*&nbsp; 300<\/p>\n\n\n\n<p>Marmelada*&nbsp; 210<\/p>\n\n\n\n<p>Nutella, plazma, banana (ili vi\u0161nje)&nbsp; 340<\/p>\n\n\n\n<p>Snikers (\u010dokolada, karamel, kikiriki)&nbsp; 350<\/p>\n\n\n\n<p>Mars (\u010dokolada, karamel, le\u0161nik)&nbsp; 350<\/p>\n\n\n\n<p>Eurokrem, vi\u0161nje*&nbsp; 285<\/p>\n\n\n\n<p>Med, vo\u0107e (kivi, jagoda, banana)*&nbsp; 300<\/p>\n\n\n\n<p>Slane pala\u010dinke (pavlaka, \u0161unka, ka\u010dkavalj)  410<\/p>\n\n\n\n<p>\u0160lag dodatak&nbsp; 50<\/p>\n\n\n\n<p>Sladoled dodatak (kugla)&nbsp; 100<\/p>\n\n\n\n<p>* Navedene pala\u010dinke mogu biti i u posnoj verziji<\/p>\n\n\n\n<p class=\"has-text-align-center\">KOLA\u010cI, SLADOLEDI I VO\u0106NI KUPOVI<\/p>\n\n\n\n<p>Kola\u010d dana&nbsp; 300<\/p>\n\n\n\n<p>Sladoled (kugla)&nbsp; 100<\/p>\n\n\n\n<p>Banana split (banana, sladoled, \u0161lag)&nbsp; 375<\/p>\n\n\n\n<p>Vo\u0107ni kup (sezonsko vo\u0107e, \u0161lag)&nbsp; 385<\/p>\n\n\n\n<p>Panorama kup (sezonsko vo\u0107e, sladoled, \u0161lag)&nbsp; 410<\/p>\n\n\n\n<p class=\"has-text-align-center\"><span style=\"text-decoration: underline;\">Cena u dostavi se razlikuje od cene konzumiranja hrane i pi\u0107a u restoranu!  <\/span><\/p>\n","protected":false},"excerpt":{"rendered":"<p>&#8211; KARTA PI\u0106A &#8211; TOPLI I HLADNI NAPICI KAFE Espresso&nbsp; 145 Dupli espresso&nbsp; 195 Espresso sa mlekom&nbsp; 175 Espresso sa \u0161lagom 185 Americano&nbsp; 150 Cappuccino&nbsp;&hellip;<\/p>\n","protected":false},"author":1,"featured_media":0,"parent":0,"menu_order":2,"comment_status":"closed","ping_status":"closed","template":"","meta":[],"_links":{"self":[{"href":"https:\/\/kafepanorama.com\/index.php?rest_route=\/wp\/v2\/pages\/53"}],"collection":[{"href":"https:\/\/kafepanorama.com\/index.php?rest_route=\/wp\/v2\/pages"}],"about":[{"href":"https:\/\/kafepanorama.com\/index.php?rest_route=\/wp\/v2\/types\/page"}],"author":[{"embeddable":true,"href":"https:\/\/kafepanorama.com\/index.php?rest_route=\/wp\/v2\/users\/1"}],"replies":[{"embeddable":true,"href":"https:\/\/kafepanorama.com\/index.php?rest_route=%2Fwp%2Fv2%2Fcomments&post=53"}],"version-history":[{"count":43,"href":"https:\/\/kafepanorama.com\/index.php?rest_route=\/wp\/v2\/pages\/53\/revisions"}],"predecessor-version":[{"id":784,"href":"https:\/\/kafepanorama.com\/index.php?rest_route=\/wp\/v2\/pages\/53\/revisions\/784"}],"wp:attachment":[{"href":"https:\/\/kafepanorama.com\/index.php?rest_route=%2Fwp%2Fv2%2Fmedia&parent=53"}],"curies":[{"name":"wp","href":"https:\/\/api.w.org\/{rel}","templated":true}]}}