{"id":441,"date":"2020-08-01T10:07:01","date_gmt":"2020-08-01T10:07:01","guid":{"rendered":"https:\/\/kafepanorama.com\/?page_id=441"},"modified":"2020-08-01T10:07:02","modified_gmt":"2020-08-01T10:07:02","slug":"oluja","status":"publish","type":"page","link":"https:\/\/kafepanorama.com\/?page_id=441","title":{"rendered":"Oluja"},"content":{"rendered":"\n<div class=\"wp-block-image\"><figure class=\"aligncenter size-large\"><img decoding=\"async\" loading=\"lazy\" width=\"516\" height=\"745\" src=\"https:\/\/kafepanorama.com\/wp-content\/uploads\/2020\/08\/Oluja.jpg\" alt=\"\" class=\"wp-image-442\" srcset=\"https:\/\/kafepanorama.com\/wp-content\/uploads\/2020\/08\/Oluja.jpg 516w, https:\/\/kafepanorama.com\/wp-content\/uploads\/2020\/08\/Oluja-208x300.jpg 208w\" sizes=\"(max-width: 516px) 100vw, 516px\" \/><\/figure><\/div>\n\n\n\n<p>autor: <a href=\"https:\/\/kafepanorama.com\/?page_id=387\">Du\u0161ko Bojani\u0107<\/a><\/p>\n\n\n\n<p>dimenzije: 100\u00d770 cm<\/p>\n\n\n\n<p>tehnika: uljani pastel<\/p>\n\n\n\n<p>naziv: Oluja<\/p>\n\n\n\n<p>cena: 310 \u20ac<\/p>\n","protected":false},"excerpt":{"rendered":"<p>autor: Du\u0161ko Bojani\u0107 dimenzije: 100\u00d770 cm tehnika: uljani pastel naziv: Oluja cena: 310 \u20ac<\/p>\n","protected":false},"author":1,"featured_media":0,"parent":0,"menu_order":0,"comment_status":"closed","ping_status":"closed","template":"","meta":[],"_links":{"self":[{"href":"https:\/\/kafepanorama.com\/index.php?rest_route=\/wp\/v2\/pages\/441"}],"collection":[{"href":"https:\/\/kafepanorama.com\/index.php?rest_route=\/wp\/v2\/pages"}],"about":[{"href":"https:\/\/kafepanorama.com\/index.php?rest_route=\/wp\/v2\/types\/page"}],"author":[{"embeddable":true,"href":"https:\/\/kafepanorama.com\/index.php?rest_route=\/wp\/v2\/users\/1"}],"replies":[{"embeddable":true,"href":"https:\/\/kafepanorama.com\/index.php?rest_route=%2Fwp%2Fv2%2Fcomments&post=441"}],"version-history":[{"count":1,"href":"https:\/\/kafepanorama.com\/index.php?rest_route=\/wp\/v2\/pages\/441\/revisions"}],"predecessor-version":[{"id":443,"href":"https:\/\/kafepanorama.com\/index.php?rest_route=\/wp\/v2\/pages\/441\/revisions\/443"}],"wp:attachment":[{"href":"https:\/\/kafepanorama.com\/index.php?rest_route=%2Fwp%2Fv2%2Fmedia&parent=441"}],"curies":[{"name":"wp","href":"https:\/\/api.w.org\/{rel}","templated":true}]}}