{"id":429,"date":"2020-08-01T09:56:22","date_gmt":"2020-08-01T09:56:22","guid":{"rendered":"https:\/\/kafepanorama.com\/?page_id=429"},"modified":"2020-08-01T09:56:23","modified_gmt":"2020-08-01T09:56:23","slug":"klijanje-v","status":"publish","type":"page","link":"https:\/\/kafepanorama.com\/?page_id=429","title":{"rendered":"Klijanje V"},"content":{"rendered":"\n<div class=\"wp-block-image\"><figure class=\"aligncenter size-large\"><img decoding=\"async\" loading=\"lazy\" width=\"357\" height=\"512\" src=\"https:\/\/kafepanorama.com\/wp-content\/uploads\/2020\/08\/Klijanje-5.jpg\" alt=\"\" class=\"wp-image-430\" srcset=\"https:\/\/kafepanorama.com\/wp-content\/uploads\/2020\/08\/Klijanje-5.jpg 357w, https:\/\/kafepanorama.com\/wp-content\/uploads\/2020\/08\/Klijanje-5-209x300.jpg 209w\" sizes=\"(max-width: 357px) 100vw, 357px\" \/><\/figure><\/div>\n\n\n\n<p>autor: <a href=\"https:\/\/kafepanorama.com\/?page_id=387\">Du\u0161ko Bojani\u0107<\/a><\/p>\n\n\n\n<p>dimenzije: 42\u00d729 cm<\/p>\n\n\n\n<p>tehnika: uljani pastel<\/p>\n\n\n\n<p>naziv: Klijanje V<\/p>\n\n\n\n<p>cena: 220 \u20ac<\/p>\n","protected":false},"excerpt":{"rendered":"<p>autor: Du\u0161ko Bojani\u0107 dimenzije: 42\u00d729 cm tehnika: uljani pastel naziv: Klijanje V cena: 220 \u20ac<\/p>\n","protected":false},"author":1,"featured_media":0,"parent":0,"menu_order":0,"comment_status":"closed","ping_status":"closed","template":"","meta":[],"_links":{"self":[{"href":"https:\/\/kafepanorama.com\/index.php?rest_route=\/wp\/v2\/pages\/429"}],"collection":[{"href":"https:\/\/kafepanorama.com\/index.php?rest_route=\/wp\/v2\/pages"}],"about":[{"href":"https:\/\/kafepanorama.com\/index.php?rest_route=\/wp\/v2\/types\/page"}],"author":[{"embeddable":true,"href":"https:\/\/kafepanorama.com\/index.php?rest_route=\/wp\/v2\/users\/1"}],"replies":[{"embeddable":true,"href":"https:\/\/kafepanorama.com\/index.php?rest_route=%2Fwp%2Fv2%2Fcomments&post=429"}],"version-history":[{"count":1,"href":"https:\/\/kafepanorama.com\/index.php?rest_route=\/wp\/v2\/pages\/429\/revisions"}],"predecessor-version":[{"id":431,"href":"https:\/\/kafepanorama.com\/index.php?rest_route=\/wp\/v2\/pages\/429\/revisions\/431"}],"wp:attachment":[{"href":"https:\/\/kafepanorama.com\/index.php?rest_route=%2Fwp%2Fv2%2Fmedia&parent=429"}],"curies":[{"name":"wp","href":"https:\/\/api.w.org\/{rel}","templated":true}]}}