{"id":282,"date":"2020-07-09T17:14:00","date_gmt":"2020-07-09T17:14:00","guid":{"rendered":"https:\/\/kafepanorama.com\/?page_id=282"},"modified":"2020-07-10T13:31:38","modified_gmt":"2020-07-10T13:31:38","slug":"ana-lazic","status":"publish","type":"page","link":"https:\/\/kafepanorama.com\/?page_id=282","title":{"rendered":"Ana Lazi\u0107"},"content":{"rendered":"\n<div class=\"wp-block-image\"><figure class=\"alignleft size-large is-resized\"><img decoding=\"async\" loading=\"lazy\" src=\"https:\/\/kafepanorama.com\/wp-content\/uploads\/2020\/07\/ana.jpg\" alt=\"\" class=\"wp-image-288\" width=\"260\" height=\"173\" srcset=\"https:\/\/kafepanorama.com\/wp-content\/uploads\/2020\/07\/ana.jpg 960w, https:\/\/kafepanorama.com\/wp-content\/uploads\/2020\/07\/ana-300x200.jpg 300w, https:\/\/kafepanorama.com\/wp-content\/uploads\/2020\/07\/ana-768x512.jpg 768w\" sizes=\"(max-width: 260px) 100vw, 260px\" \/><\/figure><\/div>\n\n\n\n<p>Ime i prezime: Ana Lazi\u0107<br>Datum ro\u0111enja: 30.11.1991<br>Srednja stru\u010dna sprema Umetni\u010dka \u0161kola U\u017eice<br>Smer livac umetni\u010dkih predmeta<br>Visoka stru\u010dna sprema Fakultet Primenjenih umetnosti u Beogradu<br>Smer Primenjeno vajarstvo<\/p>\n\n\n\n<ul start=\"2013\"><li>2013. U\u017dICE,GRADSKA GALERIJA &#8211; &#8220; ONI KOJI DOLAZE&#8220;<\/li><li>2014. BEOGRAD, MUZEJ PRIMENjENE UMETNOSTI &#8211; &#8220;DIPLOMA&#8220;<\/li><li>2014. GORNjI MILANOVAC, KULTURNI CENTAR &#8211; &#8220;12. MEDJUNARNODNO BIJENALE UMETNOSTI MINIJATURE&#8220;<\/li><li>2014. MAJDANPEK, MAJDANART &#8211; &#8220;5. ME\u0110UNARODNA IZLO\u017dBA UMETNOSTI U MINIJATURI&#8220;<\/li><li>2014. PETROVAC NA MLAVI, GALERIJA KRUG &#8211; &#8220;5. ME\u0110UNARODNA IZLO\u017dBA UMETNOSTI U MINIJATURI, MAJDANART&#8220;<\/li><li>2014. BEOGRAD, MATICA ISELjENIKA I SRBA U REGIONU &#8211; &#8220;5. ME\u0110UNARODNA IZLO\u017dBA UMETNOSTI U MINIJATURI,MAJDANART&#8220;<\/li><li>2014. OBRENOVAC, TERMOELEKTRANA &#8220;NIKOLA TESLA&#8220; &#8211; &#8220;GRADITELjIMA SVETLOSTI&#8220;<\/li><li>2015. U\u017dICE, GRADSKA GALERIJA &#8211; &#8220;ONI KOJI DOLAZE&#8220;<\/li><li>2015. BEOGRAD, GALERIJA RTS &#8211; &#8220;BEOGRADSKI \u010cITA\u010c&#8220;<\/li><li>2016. GORNjI MILANOVAC, KULTURNI CENTAR- \u201c13. ME\u0110UNARODNO BIJENALE UMETNOSTI MINIJATURE\u201d<\/li><li>2016. BEOGRAD, UNIVERZITETSKA BIBLIOTEKA \u201cSVETOZAR MARKOVI\u0106\u201d &#8211; ME\u0110UNARODNA IZLO\u017dBA \u201cKAMEN U ARHITEKTURI I UMETNOSTI\u201d<\/li><li>2016. U\u017dICE, GRADSKA GALERIJA- \u201cCIKLUSI\u201d SAMOSTALNA IZLO\u017dBA<\/li><li>2016. BEOGRAD, \u201cCVIJETA ZUZORI\u0106\u201d -\u201dSKULPTURE U DRVETU, KALEMEGDAN\u201d<\/li><li>2016. PROKUPLjE, GALERIJA BO\u017dA ILI\u0106 &#8211; \u201cSKULPTURE U DRVETU, KALEMEGDAN\u201d<\/li><li>2017. U\u017dICE, GALERIJA REFLEKTOR- \u201c DOBA OBNOVE\u201d<\/li><li>2018. BOSNA I HERCEGOVINA, BANjA LUKA, AKADEMIJA NAUKA I UMETNOSTI REPUBLIKE SRPSKE (ANURS),- \u201cSLIKE I SKULPTURE\u201d<\/li><li>2018. U\u017dICE, GALERIJA REFLEKTOR- \u201cDOBA OBNOVE 2\u201d<\/li><li>2018. PRIJEPOLjE, MUZEJ U PRIJEPOLjU- \u201c UJEDINjENE BOJE DIVANHANE\u201d<\/li><li>208. U\u017dICE, GRADSKA GALERIJA &#8211; \u201c U\u017dI\u010cKI REGIONALNI LIKOVNI SALON\u201d<\/li><\/ul>\n\n\n\n<p><strong>Kolonije:<\/strong><\/p>\n\n\n\n<ul><li>2014. MAJDANPEK, 14. UMETNI\u010cKA RADIONICA ZA DIZAJN NAKITA, MAJDANART<\/li><li>2014. MAJDANPEK, 5. RADIONICA UMETNI\u010cKE KERAMIKE, MAJDANART<\/li><li>2016. BEOGRAD, \u201cCVIJETA ZUZORI\u0106\u201d VAJARSKA KOLONIJA U DRVETU<\/li><li>2017. BOSNA I HERCEGOVINA, PLIVA, ME\u0110UNARODNA UMETNI\u010cKA KOLONIJA<\/li><li>2017. JASENOVO, UMETNI\u010cKA KOLONIJA U DRVETU<\/li><li>2018. BOSNA I HERCEGOVINA, PLIVA, ME\u0110UNARODNA UMETNI\u010cKA KOLONIJA<\/li><li>2018. PRIJEPOLjE, SOPOTNICA,\u201dUJEDINjENE BOJE DIVANHANE\u201d<\/li><\/ul>\n\n\n\n<p><strong>Nagrade:<\/strong><\/p>\n\n\n\n<ul><li>2014. SPECIJALNA POHVALA \u017dIRIJA 12. ME\u0110UNARODNO BIJENALE UMETNOSTI MINIJATURE, GORNjI MILANOVAC<\/li><li>2015. PRVA NAGRADA ZA SPOMEN OBELE\u017dJE GRADITELjIMA OBRENOVA\u010cKE TERMOELEKTRANE &#8220;NIKOLA TESLA&#8220;<\/li><\/ul>\n\n\n\n<p><strong>Radovi izlo\u017eeni u Kafe Panorami:<\/strong><\/p>\n\n\n\n<ul><li><a href=\"https:\/\/kafepanorama.com\/?page_id=320\">Grafika 1<\/a><\/li><li><a href=\"https:\/\/kafepanorama.com\/?page_id=325\">Grafika 2<\/a><\/li><li><a href=\"https:\/\/kafepanorama.com\/?page_id=299\">Crte\u017e 1<\/a><\/li><li><a href=\"https:\/\/kafepanorama.com\/?page_id=304\">Crte\u017e 2<\/a><\/li><li><a href=\"https:\/\/kafepanorama.com\/?page_id=308\">Crte\u017e 3<\/a><\/li><li><a href=\"https:\/\/kafepanorama.com\/?page_id=292\">Diptih 1<\/a><\/li><li><a href=\"https:\/\/kafepanorama.com\/?page_id=295\">Diptih 2<\/a><\/li><li><a href=\"https:\/\/kafepanorama.com\/?page_id=317\">Triptih<\/a><\/li><\/ul>\n","protected":false},"excerpt":{"rendered":"<p>Ime i prezime: Ana Lazi\u0107Datum ro\u0111enja: 30.11.1991Srednja stru\u010dna sprema Umetni\u010dka \u0161kola U\u017eiceSmer livac umetni\u010dkih predmetaVisoka stru\u010dna sprema Fakultet Primenjenih umetnosti u BeograduSmer Primenjeno vajarstvo 2013.&hellip;<\/p>\n","protected":false},"author":1,"featured_media":0,"parent":0,"menu_order":0,"comment_status":"closed","ping_status":"closed","template":"","meta":[],"_links":{"self":[{"href":"https:\/\/kafepanorama.com\/index.php?rest_route=\/wp\/v2\/pages\/282"}],"collection":[{"href":"https:\/\/kafepanorama.com\/index.php?rest_route=\/wp\/v2\/pages"}],"about":[{"href":"https:\/\/kafepanorama.com\/index.php?rest_route=\/wp\/v2\/types\/page"}],"author":[{"embeddable":true,"href":"https:\/\/kafepanorama.com\/index.php?rest_route=\/wp\/v2\/users\/1"}],"replies":[{"embeddable":true,"href":"https:\/\/kafepanorama.com\/index.php?rest_route=%2Fwp%2Fv2%2Fcomments&post=282"}],"version-history":[{"count":12,"href":"https:\/\/kafepanorama.com\/index.php?rest_route=\/wp\/v2\/pages\/282\/revisions"}],"predecessor-version":[{"id":513,"href":"https:\/\/kafepanorama.com\/index.php?rest_route=\/wp\/v2\/pages\/282\/revisions\/513"}],"wp:attachment":[{"href":"https:\/\/kafepanorama.com\/index.php?rest_route=%2Fwp%2Fv2%2Fmedia&parent=282"}],"curies":[{"name":"wp","href":"https:\/\/api.w.org\/{rel}","templated":true}]}}