{"id":224,"date":"2020-07-01T11:19:43","date_gmt":"2020-07-01T11:19:43","guid":{"rendered":"https:\/\/kafepanorama.com\/?page_id=224"},"modified":"2020-07-01T15:20:38","modified_gmt":"2020-07-01T15:20:38","slug":"gaze","status":"publish","type":"page","link":"https:\/\/kafepanorama.com\/?page_id=224","title":{"rendered":"Gaze"},"content":{"rendered":"\n<div class=\"wp-block-image\"><figure class=\"aligncenter size-large\"><img decoding=\"async\" loading=\"lazy\" width=\"738\" height=\"1024\" src=\"https:\/\/kafepanorama.com\/wp-content\/uploads\/2020\/07\/Branislav-6-1-738x1024.jpg\" alt=\"\" class=\"wp-image-226\" srcset=\"https:\/\/kafepanorama.com\/wp-content\/uploads\/2020\/07\/Branislav-6-1-738x1024.jpg 738w, https:\/\/kafepanorama.com\/wp-content\/uploads\/2020\/07\/Branislav-6-1-216x300.jpg 216w, https:\/\/kafepanorama.com\/wp-content\/uploads\/2020\/07\/Branislav-6-1-768x1065.jpg 768w, https:\/\/kafepanorama.com\/wp-content\/uploads\/2020\/07\/Branislav-6-1-1108x1536.jpg 1108w, https:\/\/kafepanorama.com\/wp-content\/uploads\/2020\/07\/Branislav-6-1.jpg 1376w\" sizes=\"(max-width: 738px) 100vw, 738px\" \/><\/figure><\/div>\n\n\n\n<p>autor: <a href=\"https:\/\/kafepanorama.com\/?page_id=192\">Branislav \u0160o\u0161i\u0107<\/a><\/p>\n\n\n\n<p>dimenzije: 150x100x2 cm<\/p>\n\n\n\n<p>tehnika: ulje <\/p>\n\n\n\n<p>naziv: Gaze <\/p>\n\n\n\n<p>cena: 880 \u20ac<\/p>\n","protected":false},"excerpt":{"rendered":"<p>autor: Branislav \u0160o\u0161i\u0107 dimenzije: 150x100x2 cm tehnika: ulje naziv: Gaze cena: 880 \u20ac<\/p>\n","protected":false},"author":1,"featured_media":0,"parent":0,"menu_order":0,"comment_status":"closed","ping_status":"closed","template":"","meta":[],"_links":{"self":[{"href":"https:\/\/kafepanorama.com\/index.php?rest_route=\/wp\/v2\/pages\/224"}],"collection":[{"href":"https:\/\/kafepanorama.com\/index.php?rest_route=\/wp\/v2\/pages"}],"about":[{"href":"https:\/\/kafepanorama.com\/index.php?rest_route=\/wp\/v2\/types\/page"}],"author":[{"embeddable":true,"href":"https:\/\/kafepanorama.com\/index.php?rest_route=\/wp\/v2\/users\/1"}],"replies":[{"embeddable":true,"href":"https:\/\/kafepanorama.com\/index.php?rest_route=%2Fwp%2Fv2%2Fcomments&post=224"}],"version-history":[{"count":3,"href":"https:\/\/kafepanorama.com\/index.php?rest_route=\/wp\/v2\/pages\/224\/revisions"}],"predecessor-version":[{"id":237,"href":"https:\/\/kafepanorama.com\/index.php?rest_route=\/wp\/v2\/pages\/224\/revisions\/237"}],"wp:attachment":[{"href":"https:\/\/kafepanorama.com\/index.php?rest_route=%2Fwp%2Fv2%2Fmedia&parent=224"}],"curies":[{"name":"wp","href":"https:\/\/api.w.org\/{rel}","templated":true}]}}