{"id":216,"date":"2020-07-01T11:12:56","date_gmt":"2020-07-01T11:12:56","guid":{"rendered":"https:\/\/kafepanorama.com\/?page_id=216"},"modified":"2020-07-01T15:20:06","modified_gmt":"2020-07-01T15:20:06","slug":"coconut","status":"publish","type":"page","link":"https:\/\/kafepanorama.com\/?page_id=216","title":{"rendered":"Coconut"},"content":{"rendered":"\n<div class=\"wp-block-image\"><figure class=\"aligncenter size-large\"><img decoding=\"async\" loading=\"lazy\" width=\"699\" height=\"1024\" src=\"https:\/\/kafepanorama.com\/wp-content\/uploads\/2020\/07\/Branislav-4-699x1024.jpg\" alt=\"\" class=\"wp-image-217\" srcset=\"https:\/\/kafepanorama.com\/wp-content\/uploads\/2020\/07\/Branislav-4-699x1024.jpg 699w, https:\/\/kafepanorama.com\/wp-content\/uploads\/2020\/07\/Branislav-4-205x300.jpg 205w, https:\/\/kafepanorama.com\/wp-content\/uploads\/2020\/07\/Branislav-4-768x1124.jpg 768w, https:\/\/kafepanorama.com\/wp-content\/uploads\/2020\/07\/Branislav-4-1049x1536.jpg 1049w, https:\/\/kafepanorama.com\/wp-content\/uploads\/2020\/07\/Branislav-4.jpg 1358w\" sizes=\"(max-width: 699px) 100vw, 699px\" \/><\/figure><\/div>\n\n\n\n<p>autor: <a href=\"https:\/\/kafepanorama.com\/?page_id=192\">Branislav \u0160o\u0161i\u0107<\/a><\/p>\n\n\n\n<p>dimenzije: 150x100x2 cm<\/p>\n\n\n\n<p>tehnika: ulje <\/p>\n\n\n\n<p>naziv: Coconut <\/p>\n\n\n\n<p>cena: 1.320 \u20ac<\/p>\n","protected":false},"excerpt":{"rendered":"<p>autor: Branislav \u0160o\u0161i\u0107 dimenzije: 150x100x2 cm tehnika: ulje naziv: Coconut cena: 1.320 \u20ac<\/p>\n","protected":false},"author":1,"featured_media":0,"parent":0,"menu_order":0,"comment_status":"closed","ping_status":"closed","template":"","meta":[],"_links":{"self":[{"href":"https:\/\/kafepanorama.com\/index.php?rest_route=\/wp\/v2\/pages\/216"}],"collection":[{"href":"https:\/\/kafepanorama.com\/index.php?rest_route=\/wp\/v2\/pages"}],"about":[{"href":"https:\/\/kafepanorama.com\/index.php?rest_route=\/wp\/v2\/types\/page"}],"author":[{"embeddable":true,"href":"https:\/\/kafepanorama.com\/index.php?rest_route=\/wp\/v2\/users\/1"}],"replies":[{"embeddable":true,"href":"https:\/\/kafepanorama.com\/index.php?rest_route=%2Fwp%2Fv2%2Fcomments&post=216"}],"version-history":[{"count":3,"href":"https:\/\/kafepanorama.com\/index.php?rest_route=\/wp\/v2\/pages\/216\/revisions"}],"predecessor-version":[{"id":239,"href":"https:\/\/kafepanorama.com\/index.php?rest_route=\/wp\/v2\/pages\/216\/revisions\/239"}],"wp:attachment":[{"href":"https:\/\/kafepanorama.com\/index.php?rest_route=%2Fwp%2Fv2%2Fmedia&parent=216"}],"curies":[{"name":"wp","href":"https:\/\/api.w.org\/{rel}","templated":true}]}}