{"id":192,"date":"2020-06-30T18:07:11","date_gmt":"2020-06-30T18:07:11","guid":{"rendered":"https:\/\/kafepanorama.com\/?page_id=192"},"modified":"2020-07-02T11:05:25","modified_gmt":"2020-07-02T11:05:25","slug":"branislav-sosic","status":"publish","type":"page","link":"https:\/\/kafepanorama.com\/?page_id=192","title":{"rendered":"Branislav \u0160o\u0161i\u0107"},"content":{"rendered":"\n<div class=\"wp-block-image\"><figure class=\"alignleft size-large is-resized\"><img decoding=\"async\" loading=\"lazy\" src=\"https:\/\/kafepanorama.com\/wp-content\/uploads\/2020\/07\/YHSRDXFJ_avatar_medium_square.jpg\" alt=\"\" class=\"wp-image-214\" width=\"188\" height=\"188\" srcset=\"https:\/\/kafepanorama.com\/wp-content\/uploads\/2020\/07\/YHSRDXFJ_avatar_medium_square.jpg 300w, https:\/\/kafepanorama.com\/wp-content\/uploads\/2020\/07\/YHSRDXFJ_avatar_medium_square-150x150.jpg 150w\" sizes=\"(max-width: 188px) 100vw, 188px\" \/><\/figure><\/div>\n\n\n\n<p>Branislav \u0160o\u0161i\u0107, ro\u0111en 15.6.1994. godine u Kru\u0161evcu. Poha\u0111ao je srednju umetni\u010dku u Kraljevu. Studirao je na fakultetu Primenjenih Umetnosti u Beogradu 2017. god, a master studije je zav\u0161io 2018. godine na fakultetu Primenjenih Umetnosti u Beogradu, dobitnik Dositejeve Stipendije, koju dodeljuje Fond za mlade talente Republike Srbije.<\/p>\n\n\n\n<ul><li>Nagrada \u201eMiodrag Vuja\u010di\u0107 Mirski&#8220; za portret 2016\/2017<\/li><li>Nagrada za studiju iz predmeta slikanja 2014\/2015<\/li><li>2019 &#8211; Beograd, Muzej Primenjenih umetnosti , \u201eMaster\u201d<\/li><li>Beograd, op\u0161tina Vra\u010dar \u201eBum generacija milenijalaca\u201d<\/li><li>2018 &#8211; Beograd, Galerija SKC, Festival studenata Univerziteta umetnosti &#8211; FESTUM<\/li><li>Beograd, Galerija Kvaka 22, Izlo\u017eba radova master klase<\/li><li>2017 &#8211; Beograd, Muzej primenjene umetnosti, \u201eDiploma 2017\u201d, Izlo\u017eba studenata IV godine osnovnih akademskih studija FPU u Beogradu<\/li><li>Beograd, Galerija SKC, Festival studenata Univerziteta umetnosti &#8211; FESTUM<\/li><li>Beograd, Umetni\u010dki paviljon \u201eCvijeta Zuzori\u0107\u201d, Izlo\u017eba radova studenata FPU iz Beograda, odsek Primenjeno slikarstvo<\/li><li>Beograd, Kombank Art hol, Izlo\u017eba radova studenata odseka Primenjeno slikarstvo FPU u Beogradu<\/li><li>Beograd, Galerija \u201e\u0160tab\u201d, Izlo\u017eba \u201eKlasa na vodi\u201d<\/li><li>2016 &#8211; Jagodina, Kulturni centar, Zgrafito autoportret &#8211; portret, Izlo\u017eba radova studenata odseka Primenjeno slikarstvo i odseka Konzervacija i restauracija FPU u Beogradu<\/li><li>Beograd, Galerija SKC, Festival studenata Univerziteta umetnosti &#8211; FESTUM<\/li><li>Beograd, Kombank Art hol, Zgrafito autoportret &#8211; portret, Izlo\u017eba radova studenata odseka Primenjeno slikarstvo i odseka Konzervacija i restauracija FPU u Beogradu<\/li><li>2015 &#8211; Beograd, Galerija SKC, Festival studenata Univerziteta umetnosti &#8211; FESTUM<\/li><li>Beograd, Kombank Art hol, Izlo\u017eba studenata FPU u Beogradu &#8211; slikarske tehnike<\/li><li>Beograd, Galerija beogradske tvr\u0111ave, Izlo\u017eba studenata FPU u Beogradu &#8211; slikarske tehnike<\/li><li>Beograd, Galerija beogradske tvr\u0111ave, Izlo\u017eba studenata FPU u Beogradu &#8211; Portret<\/li><\/ul>\n\n\n\n<p><strong>Radovi izlo\u017eeni u Kafe Panorami:<\/strong><\/p>\n\n\n\n<ul><li><a href=\"https:\/\/kafepanorama.com\/?page_id=199\">Breathing<\/a><\/li><li><a href=\"https:\/\/kafepanorama.com\/?page_id=203\">Frizer<\/a><\/li><li><a href=\"https:\/\/kafepanorama.com\/?page_id=210\">Ready<\/a><\/li><li><a href=\"https:\/\/kafepanorama.com\/?page_id=216\">Coconut<\/a><\/li><li><a href=\"https:\/\/kafepanorama.com\/?page_id=220\">Earth<\/a><\/li><li><a href=\"https:\/\/kafepanorama.com\/?page_id=224\">Gaze<\/a><\/li><\/ul>\n","protected":false},"excerpt":{"rendered":"<p>Branislav \u0160o\u0161i\u0107, ro\u0111en 15.6.1994. godine u Kru\u0161evcu. Poha\u0111ao je srednju umetni\u010dku u Kraljevu. Studirao je na fakultetu Primenjenih Umetnosti u Beogradu 2017. god, a master&hellip;<\/p>\n","protected":false},"author":1,"featured_media":0,"parent":0,"menu_order":0,"comment_status":"closed","ping_status":"closed","template":"","meta":[],"_links":{"self":[{"href":"https:\/\/kafepanorama.com\/index.php?rest_route=\/wp\/v2\/pages\/192"}],"collection":[{"href":"https:\/\/kafepanorama.com\/index.php?rest_route=\/wp\/v2\/pages"}],"about":[{"href":"https:\/\/kafepanorama.com\/index.php?rest_route=\/wp\/v2\/types\/page"}],"author":[{"embeddable":true,"href":"https:\/\/kafepanorama.com\/index.php?rest_route=\/wp\/v2\/users\/1"}],"replies":[{"embeddable":true,"href":"https:\/\/kafepanorama.com\/index.php?rest_route=%2Fwp%2Fv2%2Fcomments&post=192"}],"version-history":[{"count":10,"href":"https:\/\/kafepanorama.com\/index.php?rest_route=\/wp\/v2\/pages\/192\/revisions"}],"predecessor-version":[{"id":254,"href":"https:\/\/kafepanorama.com\/index.php?rest_route=\/wp\/v2\/pages\/192\/revisions\/254"}],"wp:attachment":[{"href":"https:\/\/kafepanorama.com\/index.php?rest_route=%2Fwp%2Fv2%2Fmedia&parent=192"}],"curies":[{"name":"wp","href":"https:\/\/api.w.org\/{rel}","templated":true}]}}