{"id":135,"date":"2020-06-23T16:22:42","date_gmt":"2020-06-23T16:22:42","guid":{"rendered":"https:\/\/kafepanorama.com\/?page_id=135"},"modified":"2022-10-01T06:46:20","modified_gmt":"2022-10-01T06:46:20","slug":"nasi-partneri","status":"publish","type":"page","link":"https:\/\/kafepanorama.com\/?page_id=135","title":{"rendered":"Na\u0161i partneri"},"content":{"rendered":"\n<p>U \u017eelji da podr\u017eimo mali biznis i na\u0161e drage kom\u0161ije, aktivno sara\u0111ujemo sa vi\u0161e uspe\u0161nih preduze\u0107a i preduzetni\u010dkih radnji. Neke od njih su:<\/p>\n\n\n\n<p><a href=\"https:\/\/restaurantguru.com\/\" data-type=\"URL\" data-id=\"https:\/\/restaurantguru.com\/\" target=\"_blank\" rel=\"noreferrer noopener\">Restaurant Guru<\/a><\/p>\n\n\n\n<p><a href=\"https:\/\/hairaba.com\/\">Frizersko kozmeti\u010dki salon &#8222;Hair ABBA&#8220;<\/a><\/p>\n\n\n\n<p><a href=\"http:\/\/stamparija.com\/\">\u0160tamparija Beograd Dual Mode<\/a><\/p>\n\n\n\n<p><a href=\"http:\/\/supercrops.rs\/\">Super Crops d.o.o.<\/a><\/p>\n\n\n\n<p><a href=\"https:\/\/www.salto.rs\/\">Pivara Salto doo<\/a><\/p>\n","protected":false},"excerpt":{"rendered":"<p>U \u017eelji da podr\u017eimo mali biznis i na\u0161e drage kom\u0161ije, aktivno sara\u0111ujemo sa vi\u0161e uspe\u0161nih preduze\u0107a i preduzetni\u010dkih radnji. Neke od njih su: Restaurant Guru&hellip;<\/p>\n","protected":false},"author":1,"featured_media":0,"parent":0,"menu_order":0,"comment_status":"closed","ping_status":"closed","template":"","meta":[],"_links":{"self":[{"href":"https:\/\/kafepanorama.com\/index.php?rest_route=\/wp\/v2\/pages\/135"}],"collection":[{"href":"https:\/\/kafepanorama.com\/index.php?rest_route=\/wp\/v2\/pages"}],"about":[{"href":"https:\/\/kafepanorama.com\/index.php?rest_route=\/wp\/v2\/types\/page"}],"author":[{"embeddable":true,"href":"https:\/\/kafepanorama.com\/index.php?rest_route=\/wp\/v2\/users\/1"}],"replies":[{"embeddable":true,"href":"https:\/\/kafepanorama.com\/index.php?rest_route=%2Fwp%2Fv2%2Fcomments&post=135"}],"version-history":[{"count":8,"href":"https:\/\/kafepanorama.com\/index.php?rest_route=\/wp\/v2\/pages\/135\/revisions"}],"predecessor-version":[{"id":767,"href":"https:\/\/kafepanorama.com\/index.php?rest_route=\/wp\/v2\/pages\/135\/revisions\/767"}],"wp:attachment":[{"href":"https:\/\/kafepanorama.com\/index.php?rest_route=%2Fwp%2Fv2%2Fmedia&parent=135"}],"curies":[{"name":"wp","href":"https:\/\/api.w.org\/{rel}","templated":true}]}}